299. Calculate the remainder when u is divided by 74/4 + 1/2.
18
Let r(o) = -o**2 + 20*o + 2. Let a be r(8). Let l = 114 - a. What is the remainder when (-2)/7 - (-317)/7 is divided by l?
13
Suppose -68 = 3*u + 112. Calculate the remainder when 116 is divided by ((-2)/4)/(1/u*1).
26
Let l(w) = 2*w**3 + 49*w**2 + 66*w - 48. Calculate the remainder when 187 is divided by l(-23).
19
Suppose 0 = 10*d - 2*d - 704. Let v = 95 - d. What is the remainder when 904/10 + 8/(-20) is divided by v?
6
Suppose -6*o - 545 = -11*o. Let c = -1784 + 1806. Calculate the remainder when o is divided by c.
21
Suppose -672 = -21*c + 13*c. Calculate the remainder when 60/14*c/4 is divided by 47.
43
Let o = -291 + 293. Let q = o - -11. Calculate the remainder when q is divided by 6.
1
Suppose l + 144 = -8*l. Let t(y) = -y + 25. What is the remainder when 859 is divided by t(l)?
39
Suppose 5*k - 336 + 46 = 0. Suppose -8*o + 22 + 48 = -58. What is the remainder when k is divided by o?
10
Suppose -2*h - 677 = -695. What is the remainder when 31 is divided by h?
4
Suppose -519 = -10*v + 81. What is the remainder when 164 is divided by v?
44
Suppose -4*l = -5*q + 155, -157*l = -3*q - 161*l + 93. What is the remainder when 137 is divided by q?
13
Calculate the remainder when 614 is divided by 4/(-3)*((-749)/14 + -17).
50
Let i(z) = -8*z**3 + 7*z**2 + 11*z. Let p be i(-2). Suppose -13*a + 73 = -p. What is the remainder when a is divided by 7?
4
Let z = -11 + 7. Calculate the remainder when z*((-44)/16 + 2) is divided by 3.
0
Calculate the remainder when ((-10)/25)/(50/(-875)) + 29489 is divided by 49.
47
Let m(f) = f**2 + 3*f - 2. Let t be m(1). Suppose -t*o + 66 + 64 = 0. What is the remainder when o is divided by 10?
5
Calculate the remainder when 10 + (-1892)/187 - (-225156)/68 is divided by 1098.
17
Let n be (-4)/(-14) + -2 + (-40)/(-7). Suppose -4*m - 8*i + 20 = -3*i, -n*m + 5*i + 60 = 0. Calculate the remainder when 69 is divided by m.
9
Suppose -20*w - 48*w = 43*w - 479076. What is the remainder when w is divided by 17?
15
Suppose 0 = -3*t - t + 232. Suppose -7*g + t = -180. Calculate the remainder when g is divided by 10.
4
Let r(q) = 10*q - 19. Suppose -u = -5*t - 51, -2*u + 2*t + 84 = 22. What is the remainder when r(13) is divided by u?
7
Suppose 133*x = 5*j + 136*x - 216, 3*j - 136 = -5*x. Calculate the remainder when 419 is divided by j.
41
Let r = 5411 + -5393. Let j(k) = -12*k - 4. Calculate the remainder when j(-4) is divided by r.
8
Let k(g) = -11*g - 65. Suppose 81 = -3*y + 12. Calculate the remainder when k(y) is divided by 38.
36
Suppose -6*z - 154 - 16 = -11*z. What is the remainder when 108 is divided by z?
6
Let w(b) = -3*b + 1 + 35 - 10 - b. Let t(g) = 2*g**2 + 41*g + 23. Let r be t(-20). Calculate the remainder when 165 is divided by w(r).
11
Let u = 13 - 3. Suppose -21*i + 147*i - 863 - 1027 = 0. Calculate the remainder when i is divided by u.
5
Suppose -21*r = -25005 - 22665. Suppose -r = -5*w + 2*k, 2*w + 15*k = 11*k + 908. Calculate the remainder when w is divided by 57.
55
Let w(x) = 7*x**2 + 8*x - 17. What is the remainder when w(2) is divided by 3?
0
Let p = -38 + 40. Suppose 4*n + 16 = p*j, 2*n = j + 4*n + 4. Suppose j*c - 138 = 68. Calculate the remainder when c is divided by 15.
13
Suppose -969 = -2*b - c, 7*b - 1931 = 3*b - c. What is the remainder when b is divided by 123?
112
Calculate the remainder when 126 is divided by -3*(-16 - -14) + 59.
61
Suppose -2*s - 42 = 3*z + 229, 2*s + 97 = -z. Suppose d + 5*a = -4*d + 745, -a + 757 = 5*d. Let o = z + d. What is the remainder when o is divided by 14?
9
Calculate the remainder when 403 is divided by (-2628)/48*-2*2.
184
Let f be (-1)/1 - 8/(-2). Let v(p) = 8*p. Let w(a) = 9*a - 58. What is the remainder when v(f) is divided by w(8)?
10
Let z(a) = 3401*a**3 + 13*a**2 - 9*a - 4. What is the remainder when z(1) is divided by 7?
6
Suppose 5*s + 3*y + 59 - 19 = 0, 5*s + 5*y = -40. Let g be (-117)/2 - (-4)/s. Let r = g - -66. What is the remainder when 38 is divided by r?
3
Let m(n) = n**2 - 110*n - 736. Suppose 5*p - w - 52 = 2*p, -3*p - 5*w = -64. What is the remainder when m(-7) is divided by p?
11
Let n(g) = -g**3 - 13*g**2 + 30*g + 4. Let j be n(-15). Suppose -j*x + 51 = 39. Calculate the remainder when 68 is divided by x.
2
Let j = 123 + -183. Let p = -34 - j. Suppose -2*h = -2*c + 148, 3*c + c + h = 301. Calculate the remainder when c is divided by p.
23
Let k(v) = -163*v**3 - 3*v**2 - 24*v - 47. What is the remainder when k(-2) is divided by 88?
61
Let l(x) = x**2 + 4*x - 34. Suppose 0 = c + y + y - 136, -3*y + 680 = 5*c. Let k = c + -146. What is the remainder when l(k) is divided by 4?
2
Let u = -170 + 381. Suppose -207*r = -u*r + 196. What is the remainder when 82 is divided by r?
33
Let r = -1089 - -1144. Calculate the remainder when 248 is divided by r.
28
Suppose -3*m = -5*s - 116, 3*s - 21 = -3*m + 63. Let o = -12 - -119. Let r = 170 - o. Calculate the remainder when r is divided by m.
31
Let d be 13/11 - 6/33. Let z(w) = 45*w**2 - 4*w + 4. Let y be z(d). Suppose 4*x = y - 13. What is the remainder when x is divided by 3?
2
Let w = -108 - -107. Let a(t) = 4*t - 8. Let b(p) = -1. Let k(v) = w*a(v) + 12*b(v). What is the remainder when k(-10) is divided by 10?
6
Let c(b) = -52*b + 518. Calculate the remainder when 2302 is divided by c(7).
146
Let p = 121 + -83. Suppose -4*c - 5*v + 63 = 0, 4*c + 4*v - 111 = -47. What is the remainder when p is divided by c?
4
Let u(p) = 26*p + 1. Let v(x) = x + 15. Calculate the remainder when u(10) is divided by v(7).
19
Let a = -5850 - -6144. What is the remainder when 2642 is divided by a?
290
Let x = 6622 + -6609. Calculate the remainder when 22 is divided by x.
9
Let t be 82/(0 + (-4)/2). Let n be (-2)/(-11) - (-13600)/220. Let i = t + n. Calculate the remainder when i is divided by 11.
10
Let w(o) = -o**3 - 84*o**2 + 167*o - 367. What is the remainder when (-617)/(-5) + (-10)/25 is divided by w(-86)?
60
Let c(g) = -9*g + 6*g**2 - 7*g**2 + 7*g - 4*g - 33. Let d be c(-4). What is the remainder when 198 is divided by (d/(-3))/((-1)/(-6))?
48
Suppose 2*t = 8*r - 3*r + 200, 0 = 4*t + r - 400. Let f(v) = v**2 + 2. Let k be f(2). What is the remainder when t is divided by (-1)/2 + 207/k?
32
Suppose 0 = -80*i + 379334 - 364454. Suppose 0 = 3*j - 2*s - 45, 7 + 5 = 4*s. Calculate the remainder when i is divided by j.
16
Let q = 2864 + -2531. Calculate the remainder when q is divided by 193.
140
Suppose 7*w - 202 + 34 = 0. Suppose -p = 12 - w. Calculate the remainder when 187 is divided by p.
7
Let a be (2/((-4)/25))/((-18)/36). Suppose -500 + a = -5*w. Calculate the remainder when w is divided by 38.
19
Calculate the remainder when ((-184)/115)/(18/1545)*3/(-2) is divided by 5.
1
Suppose 178 = 2*p + 6*j - 7*j, -p + 5*j + 107 = 0. Let z(s) = -s**3 - 5*s**2 + 17*s - 17. Calculate the remainder when p is divided by z(-8).
9
Suppose 54*h - 5280 = 64*h. Let j = 606 + h. Calculate the remainder when j is divided by 23.
9
Let g be ((-201)/402)/(2/104). Suppose 0*y + 100 = -2*y. Let x = g - y. What is the remainder when 94 is divided by x?
22
Let m(c) = -c + 2 - c**2 - 3 - 2 + 2*c**2. Suppose -19 = 4*h - 5*n, 0*h + h + 8 = -2*n. Calculate the remainder when m(h) is divided by 13.
0
Suppose 0 = -108*u + 2591 + 2485. Calculate the remainder when 280 is divided by u.
45
Suppose 2 - 24 = -2*n. Suppose n*l - 14 = 9*l. Calculate the remainder when ((-6)/(-12))/((-2)/(-100)) is divided by l.
4
Suppose 2*a + 4 = 40. What is the remainder when (-27)/(-27)*(a + 1) is divided by 10?
9
Calculate the remainder when (5 + 2)/56*904 is divided by 98.
15
Let r be 20 - 19/(19/8). Suppose 0 = 6*u - 3*u - 81. Let p = u + r. Calculate the remainder when 112 is divided by p.
34
Let l = -3592 + 4125. What is the remainder when l is divided by 54?
47
Let z(p) = p**3 - 48*p**2 - 5*p - 427. Calculate the remainder when z(49) is divided by 102.
97
Let a(s) = -85*s - 234. Let t = 41 + -45. Calculate the remainder when a(t) is divided by 14.
8
Let g = -103 - 47. Let c = -124 - g. Suppose 192 = 5*w - 453. Calculate the remainder when w is divided by c.
25
Let k(z) = 2*z**2 - 17*z + 15. Let u be (-2)/(-5) + 4/(-10). Calculate the remainder when k(10) is divided by u + 85/4 + 6/(-24).
3
Suppo